 1/3*t**3. Calculate j(1).
-5
Suppose 6*p - p = 0. Let t(w) be the third derivative of 1/2*w**3 + 0 + w**2 + 1/24*w**4 + 0*w. Give t(p).
3
Let q(c) be the first derivative of -c**6/120 - c**5/12 - c**4/12 + c**3/6 + c**2 - 3. Let v(j) be the second derivative of q(j). What is v(-4)?
-7
Suppose -2*q = -2*m, 0 = 4*m - q - q. Let t(d) = -d + 6. Calculate t(m).
6
Let j(v) = v**3 - 7*v**2 + v + 2. Let w be j(7). Let u(l) = -l + 8. Let p be u(w). Let t be ((0 - 0)*p)/(-2). Let a(s) = -s + 8. Give a(t).
8
Let w(v) = -v**2 - 5*v - 6. Let d(f) = -8 - 5*f**2 - 6*f + 4*f**2 + 3. Let u be d(-5). Let b = -5 + u. What is w(b)?
-6
Let y(x) = -31 + 51 + 6*x - 3*x - 28. Give y(6).
10
Let w(l) = -3*l - 3. Suppose -2 = 3*y - 8. Suppose 9 = -y*h - 1. Give w(h).
12
Let i(r) be the first derivative of r - 1 - 1/2*r**2 + 0*r**3 + 1/2*r**4. Let t(v) be the first derivative of i(v). What is t(-1)?
5
Let y(f) = -f + 1. Let z(l) = 1. Let u(r) = -y(r) - z(r). Calculate u(-4).
-6
Let z = 4 + -2. Let b(v) = -z - 1 - v + 4. Let s be (1 + (-10)/6)*(5 - 8). Determine b(s).
-1
Let r(b) = 12*b**3 + 2*b**2 - b. Let l = -21 - -22. What is r(l)?
13
Let x = 58 - 24. Let f(j) = 35*j - x*j + 1 + 1. Give f(-6).
-4
Let j(z) be the first derivative of -z**7/840 + z**5/120 - z**3 + 3. Let x(m) be the third derivative of j(m). Determine x(2).
-6
Let y(l) = -l**3 - 2*l**2 - 3*l - 7. Let d(b) = 5*b + 3*b**2 + 6 + 2*b**3 - b**3 - 2*b + 0*b. Let m(g) = 3*d(g) + 2*y(g). Let w = 7 - 11. Calculate m(w).
8
Let w(v) = -2*v - 2. Let d(l) = -l - 1. Let a(n) = 5*d(n) - 3*w(n). Suppose 20*p - 19 = 21*p. Let x be 1/1 + (p - -17). Determine a(x).
0
Suppose -4*h - 45 = -n, 3*h + 5*n + 7 = 2. Let s be (-20)/(-9) + h/45. Let p be 3 - 0/1 - s. Let w(k) = 2*k**2 + 2*k - 1. Give w(p).
3
Let d = -22 + 24. Let p(o) = -12*o - 2. Give p(d).
-26
Let v(d) be the third derivative of -d**5/60 - 7*d**4/24 - d**3/3 + 5*d**2. Give v(-7).
-2
Let g(f) = 2*f**2 - 5 - 4*f**2 - 4*f + 3. Give g(-2).
-2
Let s(h) = -2*h**2 + 2. Let m(g) = -g**2 + g + 1. Let l(z) = 3*z**2 + z - 4. Let b(d) = -l(d) - 2*m(d). Let f be b(-4). Give s(f).
-6
Let o(k) = -7*k - k**2 + 7 + 2*k**2 - 2*k**2. Give o(-6).
13
Let x(b) be the third derivative of b**6/120 - b**5/12 - b**4/4 + b**3/3 - 37*b**2. Let s be 4/(-18) - 168/(-27). Determine x(s).
2
Let q(v) be the second derivative of -v**5/20 + v**4/3 - 2*v**3/3 + 2*v**2 - 3*v. Let h be -2 - (1 - 2)*5. Give q(h).
1
Let d(b) = -b**2 - 6*b - 7. Let j be d(-5). Let c(t) = 2*t - 31 + 10 + 2*t**2 + 18 + 6. Calculate c(j).
7
Let z(o) be the first derivative of -o**4/4 + 2*o**3 + o**2/2 - 5*o - 18. What is z(6)?
1
Let o(m) be the third derivative of m**4/8 - m**3 - 2*m**2. Let y be o(5). Let h(n) = -4 - 4*n**2 + 2*n - 5*n - n**3 + y*n**2. What is h(3)?
5
Let x(v) = -2*v**2 - v. Let d(r) = r**2 - r. Let t be d(-1). Let j be ((-10)/4)/(t/(-4)). Suppose -j*b = -2*g + 16, -2*b = 3*b + 2*g + 4. Determine x(b).
-6
Suppose 4*i = -1 - 15. Let z(h) = -h**3 - 5*h**2 - 5*h + 4. What is z(i)?
8
Let s(m) be the first derivative of -1/2*m**2 + 1 - m. Let k(i) = -i**2 - 11*i + 12. Let d be k(-12). Give s(d).
-1
Let i(j) = -37*j. Let t(o) = -18*o. Let b(r) = 6*i(r) - 13*t(r). Calculate b(1).
12
Let m(w) = -2*w**3 + 3*w**2 - 2*w - 1. Let v be m(2). Let r be (2/(-3))/(6/v). Let o(a) = -7*a - 1. Calculate o(r).
-8
Let b(d) = -5*d**3 - d**2 - 6*d - 1. Let u(l) = -2*l**3 - l**2 - 3*l. Let t(j) = -3*b(j) + 7*u(j). What is t(5)?
13
Let k(b) = -b**2 + b + 1. Let l = 20 + -17. Give k(l).
-5
Let l(w) be the second derivative of -w**5/60 + w**4/24 - w**3/6 + w**2 + 2*w. Let h(b) be the first derivative of l(b). Determine h(2).
-3
Let b(k) = -k**3 - 2*k - 2. Let y(j) = -3*j**3 + j. Let r be 0 - 1*(0 + -1). Let x be y(r). Let l = x + 0. What is b(l)?
10
Suppose -n + 16 = -2. Suppose 4*a + 2*u = 0, a + 7*u - n = 2*u. Let j(c) = -9*c + 4. Let z(p) = -3*p + 1. Let v(m) = -2*j(m) + 7*z(m). What is v(a)?
5
Let j(k) be the second derivative of k**4/12 + 3*k**3/2 + 4*k**2 - k. Let n be (-2)/(-1)*(-3 + (-3)/6). Determine j(n).
-6
Let x(u) = 6*u. Let v(w) = -3*w + 4*w + 3 + 1. Let d be v(-5). Calculate x(d).
-6
Let d(z) = -z**3 + 12. Let t(c) = c**3 + 2*c**2 - 4*c + 1. Let k be t(-3). Suppose 0*x - 5*x + 16 = k*n, 0 = 4*x - 3*n + 12. Give d(x).
12
Let i(p) = p**3 + p**2 + 1. Let y = 39 - 39. Determine i(y).
1
Let c(t) be the second derivative of -t**4/12 + t**3 + 11*t**2/2 - t. Let s be c(8). Let i(f) = 6*f + 0*f - f**3 - 4*f**2 + 5 - f. Give i(s).
5
Let p(j) = -4 - j**2 - 6*j - 3 + 4. Let i(h) = -h**3 - 7*h**2 + 8*h - 5. Let y be i(-8). What is p(y)?
2
Let h(c) = -c**2 + 6*c + 5. Let o be (12/(-7))/(6/(-21)). Determine h(o).
5
Let r(a) = -2*a - 3. Let l be r(-2). Let c be ((-18)/21)/(l/7). Let u(i) = 4*i + 7. Calculate u(c).
-17
Let l = 0 + 1. Suppose -3*d + l = -2. Let u(o) be the first derivative of -2*o**3 - o**2/2 + o - 24. Give u(d).
-6
Let z(j) be the second derivative of -j**6/60 + j**5/60 - j**3/6 - j**2 + 4*j. Let g(q) be the first derivative of z(q). Give g(-1).
2
Let v(h) = -h**3 + 2*h**2 + 2. Suppose 3*q = 6*q - 9. Determine v(q).
-7
Let p(q) = -21*q - 5. Let g(x) = -10*x - 2. Let v(z) = 13*g(z) - 6*p(z). Give v(3).
-8
Let h(p) = -p**3 - 4*p**2 + 4*p - 2. Let v(s) = s**3 + 3*s**2 - 3*s + 1. Let w(l) = -4*h(l) - 5*v(l). Let n = -1 + 1. Suppose n = 2*d + d. Give w(d).
3
Let s(u) = -109*u**2 + 55*u**2 + 5*u + 55*u**2 + 3. What is s(-6)?
9
Suppose -h + 2*h = 10. Let c = -7 + h. Let m(i) = -i - 1. Let s(p) = -3*p - 4. Let o(n) = -4*m(n) + s(n). Calculate o(c).
3
Let p(x) = -x**2 + 4*x + 4. Let g(v) = v**2 + 4*v. Let y be g(-5). Determine p(y).
-1
Let t(o) = -4*o - 1. Let r(a) = 5*a + 1. Let l(y) = 5*r(y) + 4*t(y). Give l(1).
10
Let y be (-5)/(-5)*4 + (1 - -1). Let g(k) be the third derivative of k**2 + 0 - 1/12*k**5 + 0*k**3 - 5/24*k**4 + 0*k - 1/120*k**y. What is g(-4)?
4
Let f be -1 - -1*(-3)/(-1). Let b(d) = d**3 + d**2 + 2*d - 1. Let m(r) = -2*r**3 - r**2 - 4*r + 2. Let k(t) = 3*b(t) + 2*m(t). Determine k(f).
-7
Let x = -6 + 12. Let r(v) = -x*v - 4*v + 4*v - 3. Calculate r(-3).
15
Let h(r) = -r**3 - 4*r**2 + 5*r + 2. Let q be h(-5). Let o(i) = -i**3 + 1 + 47*i**2 - 42*i**q + 3 + 3 + 2*i. Calculate o(6).
-17
Let p(j) = j**2. Let h(v) = -7*v**2 + 8*v - 6. Let d(i) = h(i) + 6*p(i). Let l(g) = g**3 + 6*g**2 + 2*g. Let o be l(-6). Let u = 18 + o. Give d(u).
6
Let g(o) be the third derivative of o**4/24 + 5*o**3/6 - 41*o**2. What is g(0)?
5
Let k(a) be the third derivative of -a**6/720 - a**5/120 - a**4/6 - 3*a**2. Let x(u) be the second derivative of k(u). Determine x(2).
-3
Let c(a) = -4*a**2 - 4*a - 7. Let q(l) = l**2 + 1. Let g(o) = -c(o) - 5*q(o). Calculate g(4).
2
Let o(a) = -2*a - 1. Let f be (-9)/(-9) - (-21 + 1). Let j be (-70)/f + 2/6. Let u be -6 - ((j - -2) + -1). Give o(u).
7
Let n(u) = -2*u**2 - 4*u + 15. Let p be n(-4). Let x(z) = 2*z. Determine x(p).
-2
Suppose -1 = l - 2. Let u(n) = 3*n - 1. What is u(l)?
2
Let j(n) = 6*n**3 + 2*n**2 - 2*n + 1. Suppose 2*h + 1 = -3*m, 4*h + 5 = 6*h - 3*m. What is j(h)?
7
Let j(k) = -5*k - 36. Let w be j(-7). Let x(c) = -7*c + 1. Calculate x(w).
8
Let f(i) = 3*i + 6. Suppose 5 = 2*m - 9. Suppose 8*l - m*l = -4. Calculate f(l).
-6
Let h(l) be the third derivative of -l**5/60 + l**4/24 + l**3/3 + l**2. Suppose 10*k = -10*k. Give h(k).
2
Let l(t) = -t**2 + 14*t - 18. Let m = 21 - 9. Let x be l(m). Let d = x + -3. Let u(q) = -q**3 + 4*q**2 - q - 2. Calculate u(d).
4
Let d(s) = 3*s - 2*s - 3*s. Let y(q) = -13*q - 45. Let u(p) = 4*p + 15. Let x(i) = 7*u(i) + 2*y(i). Let w be x(-8). What is d(w)?
2
Let a(v) = -v**3 - v**2 - v. Let b(q) = 6*q**3 + 8*q**2 + 2*q + 1. Let j(g) = -5*a(g) - b(g). Suppose 2*o = -4*i + 2, 3*o + 5 = -5*i + 3*i. Determine j(o).
-10
Let k(c) = -c - 3. Suppose 3*o + 12 = -5*f + 2*f, 2*f = 3*o - 33. Let g be k(f). Suppose -3*n + 0*n = g. Let h(w) = 3*w**2 + w - 2. Determine h(n).
8
Let p(g) = -7*g**3 + 8*g**2 + 6*g - 7. Let q(r) = -13*r**3 + 17*r**2 + 13*r - 15. Let u(l) = 13*p(l) - 6*q(l). Let h = 2 - 1. Calculate u(h).
-12
Let n = -6 + 12. Suppose 5*i - n = -26. Let m(w) be the first derivative of -w**3/3 - 2*w**2 - 7. What is m(i)?
0
Let y(x) be the third derivative of x**5/60 + x**4/8 - x**3 - 24*x**2. Calculate y(-5).
4
Let c(x) = -x + 14. Let u be c(11). Let h(g) =